0221
-45291 (base 15) to base 2
-110101101100111001
Convert -211000122122 (base 3) to base 16.
-69d5e
What is 81751 (base 16) in base 3?
222221101011
What is 643873 (base 9) in base 8?
1354717
What is 37769 (base 11) in base 14?
15a4a
Convert 100111001101101011 (base 2) to base 5.
20114434
Convert -12203044 (base 5) to base 8.
-342470
Convert c86a53 (base 13) to base 14.
8a462c
What is 1100212100110 (base 3) in base 14?
14c614
What is c6532b (base 14) in base 9?
13538834
-47721 (base 14) to base 16
-2a8c1
-100111001110110001 (base 2) to base 4
-213032301
Convert -478f6 (base 16) to base 7.
-2330356
-122312112 (base 4) to base 12
-53786
What is -69b78 (base 15) in base 10?
-336713
Convert -88234 (base 14) to base 6.
-11022250
Convert -3009a87 (base 12) to base 2.
-100010001111001011000111
Convert 112120200002 (base 3) to base 9.
476602
What is 11322020023 (base 4) in base 9?
2820511
What is 10368 (base 12) in base 14?
7a5a
What is 121110021211110 (base 3) in base 8?
41270001
-5551000 (base 6) to base 7
-2240664
What is -1bbf9 (base 16) in base 4?
-123233321
Convert -100111220221 (base 3) to base 13.
-67336
-157a3 (base 11) to base 6
-251012
Convert 1101010111001010001001 (base 2) to base 4.
31113022021
What is -22304640 (base 7) in base 8?
-7302243
What is -14554035 (base 7) in base 10?
-1391577
What is -1335535 (base 6) in base 12?
-375ab
Convert 4203343 (base 5) to base 9.
114854
-14b96 (base 13) to base 4
-21212203
Convert -22c5a2 (base 14) to base 11.
-740504
What is -947666 (base 10) in base 13?
-272465
What is -1bcdf (base 16) in base 6?
-2235131
-2955e (base 16) to base 6
-3343502
What is 15062046 (base 7) in base 11?
895075
1111001100001001 (base 2) to base 16
f309
What is -101111110101110110 (base 2) in base 9?
-327721
Convert 85542 (base 10) to base 4.
110320212
What is -1163167 (base 8) in base 9?
-538465
What is -a8187 (base 14) in base 7?
-3311630
-455032432 (base 6) to base 2
-11111111000000001000100
What is -141441142 (base 5) in base 8?
-2631342
What is -31031043 (base 5) in base 4?
-331201313
27443 (base 9) to base 16
489c
What is 11100010000000011001110 (base 2) in base 10?
7405774
What is 12444201 (base 5) in base 10?
124926
What is 440d0d (base 16) in base 15?
5d1644
-66c2 (base 16) to base 13
-bc87
What is -1714271 (base 8) in base 14?
-cd609
-bce36f (base 16) to base 6
-1121154051
Convert -2132a45 (base 12) to base 13.
-13c20b0
Convert 22432 (base 5) to base 14.
837
What is 1300234434 (base 5) in base 12?
1071614
151144 (base 9) to base 2
10110101000100000
What is -100110011100010000 (base 2) in base 8?
-463420
290680 (base 14) to base 8
5332530
Convert 202a380 (base 11) to base 8.
15534165
-145120543 (base 6) to base 14
-593087
Convert 3863836 (base 11) to base 7.
110625453
Convert 868230 (base 11) to base 5.
323342202
Convert 12410 (base 12) to base 8.
60314
110010011011000 (base 2) to base 7
135160
Convert a25369 (base 13) to base 2.
1110011011001111111111
-152300 (base 8) to base 15
-1120e
-444652 (base 8) to base 10
-149930
-70354 (base 9) to base 7
-251515
6a1394 (base 11) to base 14
210241
What is 150ce4 (base 15) in base 5?
224443124
What is 33563062 (base 7) in base 2?
1011001001101001010010
Convert 331313131 (base 4) to base 3.
110212121101
-11001001010110001000 (base 2) to base 5
-202342322
Convert -28c81c (base 14) to base 15.
-1ceeed
-100111100 (base 2) to base 7
-631
Convert 821531 (base 11) to base 6.
44141312
What is -6526a (base 11) in base 14?
-267ab
What is -13166623 (base 8) in base 16?
-2ced93
1223251123 (base 6) to base 7
231231036
Convert -63736 (base 10) to base 11.
-43982
Convert 175676 (base 13) to base 9.
1078138
What is -1100010011001 (base 2) in base 12?
-3789
What is -26105070 (base 8) in base 15?
-79941c
Convert -2002100021 (base 4) to base 3.
-1000002211202
Convert -1010000010111001 (base 2) to base 12.
-1b989
What is -27836 (base 14) in base 7?
-554466
What is 256025 (base 8) in base 15?
1b609
c81c06 (base 13) to base 7
54564216
What is 578205 (base 11) in base 9?
1650117
Convert -26d2c7 (base 14) to base 3.
-2112012101220
What is 35232 (base 10) in base 7?
204501
1645343 (base 7) to base 3
102200111002
What is -139249 (base 12) in base 4?
-1033310121
What is -3323110 (base 4) in base 9?
-24051
What is 5567d5 (base 14) in base 4?
23003310113
Convert -2248593 (base 10) to base 9.
-4206436
Convert 211010011122 (base 3) to base 5.
102412323
What is -4616150 (base 7) in base 11?
-36381a
Convert -8556843 (base 11) to base 10.
-15059949
5c2680 (base 13) to base 2
1000011010010000100101
5873 (base 16) to base 7
123005
-111011001101110010010 (base 2) to base 16
-1d9b92
What is -11676 (base 16) in base 12?
-35306
-2001020012100 (base 3) to base 12
-445123
Convert -21200122002 (base 3) to base 8.
-447504
What is -34421 (base 16) in base 9?
-355552
-20621736 (base 8) to base 14
-827766
6440 (base 15) to base 6
242110
What is -3225434 (base 9) in base 16?
-1a6407
What is 3420455 (base 8) in base 14?
1a1669
Convert c4663 (base 14) to base 11.
2a3600
118201 (base 10) to base 9
200124
421608 (base 11) to base 14
138299
-23360 (base 10) to base 3
-1012001012
Convert 10110011011011011100011 (base 2) to base 15.
7b2133
What is -120232000 (base 4) in base 2?
-11000101110000000
255451235 (base 6) to base 4
103030003013
-20202313 (base 5) to base 15
-333a8
3420101213 (base 5) to base 8
34727371
Convert -b44c (base 16) to base 13.
-18016
What is -2733210 (base 9) in base 15?
-1e8de6
Convert -3121055 (base 7) to base 8.
-1334233
What is 10a135 (base 11) in base 4?
222212320
Convert -312450 (base 9) to base 5.
-21414120
-420035 (base 9) to base 3
-110200001012
What is -2113232 (base 4) in base 5?
-302320
-3833452 (base 10) to base 13
-a42b1c
-11010010100110011000101 (base 2) to base 16
-694cc5
Convert 22111010200110 (base 3) to base 12.
1616010
What is 171904 (base 13) in base 16?
8c5de
-14334214 (base 5) to base 2
-100101001101110010
Convert -1651356 (base 9) to base 11.
-578977
2548161 (base 10) to base 12
a2a769
Convert 105137 (base 12) to base 8.
767173
What is -166040 (base 13) in base 16?
-87b75
Convert 1422341 (base 5) to base 13.
106b3
-222103123 (base 4) to base 16
-2a4db
Convert 3560667 (base 8) to base 13.
281bc1
What is 487aa (base 13) in base 10?
133143
What is 2896700 (base 12) in base 2?
11111001000010101110000
What is -262687 (base 10) in base 13?
-92749
176817a (base 11) to base 16
2dbd74
Convert -1aaab7 (base 15) to base 6.
-43522501
-261580 (base 13) to base 10
-917098
116678 (base 9) to base 15
15d7b
Convert 8b27b (base 13) to base 7.
2102613
What is -1441457 (base 14) in base 5?
-10004304401
Convert 1010100100000111000110 (base 2) to base 12.
b16772
What is 27853 (base 13) in base 7?
425341
What is -2331757 (base 10) in base 7?
-25551061
What is 43022 (base 7) in base 8?
24631
What is -144001232 (base 6) in base 4?
-23121010310
6d8f (base 16) to base 12
14293
What is 13222 (base 8) in base 6?
42430
-664247 (base 8) to base 4
-312202213
Convert 102336320 (base 7) to base 15.
7ea812
-27374485 (base 9) to base 2
-110011100010111011100000
What is -14e7b9 (base 16) in base 8?
-5163671
What is 8375c (base 13) in base 10?
236339
Convert -1b9cd2 (base 14) to base 6.
-33100212
10101001111000010 (base 2) to base 10
86978
Convert -10100011110010 (base 2) to base 15.
-318c
What is 12e8e (base 16) in base 15?
17e39
What is 1871d2 (base 14) in base 6?
30311232
Convert -6195c (base 15) to base 14.
-809a5
Convert 13103120 (base 5) to base 6.
2431023
What is -133032020 (base 4) in base 3?
-20111102022
-15157234 (base 9) to base 10
-7537324
Convert -46344 (base 9) to base 5.
-1442101
Convert 5013613 (base 7) to base 14.
115a43
What is 21112202000 (base 3) in base 10?
148527
Convert -27bb33 (base 13) to base 10.
-968581
Convert 6798114 (base 10) to base 15.
8e43c9
Convert -2144253 (base 6) to base 16.
-1a2e9
-101122222112 (base 3) to base 7
-1533032
-1337402 (base 8) to base 11
-237a24
Convert 16634065 (base 7) to base 9.
3067131
-270835 (base 9) to base 8
-501541
Convert -1e1cc3 (base 15) to base 13.
-3c8121
What is -30dd9 (base 15) in base 7?
-1213623
12b616c (base 13) to base 15
7b73dc
Convert 3a1755 (base 11) to base 13.
191761
Convert -1332122 (base 7) to base 8.
-527630
What is 240233202 (base 5) in b